*-2. Let t be ((-20)/14)/(20/(-70)). Calculate the greatest common factor of t and x.
5
Let w(n) = -22*n**2 - n. Let o be w(2). Let v be 5/(-20) - o/8. Calculate the greatest common divisor of v and 99.
11
Suppose 5*s - 450 = -0*s. Calculate the greatest common factor of s and 60.
30
Let y(j) = 41*j**2 + 2*j + 1. Let c be y(-1). What is the greatest common factor of 10 and c?
10
Let l(s) be the second derivative of -1/12*s**4 + 0*s**3 + s - 7/20*s**5 + 1/2*s**2 + 0. Let t be l(-1). What is the highest common divisor of 56 and t?
7
Let f be (-11 + 13)/(2/16). What is the greatest common factor of 16 and f?
16
Suppose -2*c - 2*l + 25 = -3*l, 0 = -5*c + 4*l + 64. What is the greatest common factor of c and 96?
12
Let o = 0 - -3. Suppose -5*w = 4*r - 13, -4*w - 3*r + r = -8. Let b = o + w. Calculate the greatest common divisor of 32 and b.
4
Suppose -3*r + 20 + 4 = 0. Calculate the highest common divisor of r and 20.
4
Let a = 0 + 13. What is the highest common divisor of 104 and a?
13
Let v(s) = -s - 1. Let q be v(-2). What is the highest common divisor of 1 and q?
1
Let r = -15 + 5. Let k(z) = z**2 + 10*z + 4. Let q be k(r). Calculate the greatest common divisor of 4 and q.
4
Let t = 10 + -4. Let s be (t/(-5))/(3/(-20)). Let k be (-28)/(-10) - s/(-40). Calculate the greatest common factor of 6 and k.
3
Let u = 64 - -11. Suppose 3*o - 2*m = 3*m + 57, 3*o + m - u = 0. Calculate the greatest common factor of 144 and o.
24
Let y(l) = -4*l + 1. Let g be y(-1). Suppose 19 - 49 = -2*i + 3*b, -5*b = -g*i + 80. Let j = 8 + -5. Calculate the highest common factor of i and j.
3
Suppose -3*v - 174 = -9*v. Calculate the greatest common factor of 58 and v.
29
Let a(x) = -40*x + 26. Let v be a(-6). What is the greatest common divisor of v and 38?
38
Suppose 4*x - 2*f = 66, 3*x + 4*f - 31 = 2. What is the greatest common factor of 5 and x?
5
Suppose 118 = -4*x + 402. Suppose -j + x = -1. Calculate the highest common factor of 9 and j.
9
Suppose 3*s + 14 = 41. Suppose 0 = -a + 4*z - z - 3, a = -5*z + 5. Let q = a - -6. What is the highest common divisor of q and s?
3
Let i(c) = 7*c + 1. Let q be i(-1). Let w be (8/2)/(q/(-15)). What is the highest common factor of 80 and w?
10
Let q = -18 + 12. Let u be (-4)/(-44)*-2 + 246/22. Let o = u - q. What is the highest common divisor of 34 and o?
17
Suppose a - 92 = -32. What is the highest common divisor of a and 24?
12
Let v = -15 - -30. Suppose -5*d + 517 = -2*s, 129 + 412 = 5*d + 4*s. What is the greatest common factor of v and d?
15
Let z be 990/20 + (-3)/2. Suppose 3*r - 2*k + 0 = 1, -3*k = -3*r. Let l be (9*r)/((-6)/(-8)). Calculate the highest common divisor of z and l.
12
Let k be 22/4 - (-9)/(-6). Let v(m) = -2*m + k*m**3 + m**2 + 1 + m**2 + 2*m**3. Let d be v(1). What is the greatest common divisor of 77 and d?
7
Suppose -8*j = -6*j - 64. Calculate the greatest common factor of 128 and j.
32
Let v = 159 + -127. What is the greatest common factor of v and 16?
16
Let p = 428 - 92. What is the highest common factor of p and 56?
56
Let h be (-1)/2*(-2)/(-1). Let f be 13*(0 - 1)*h. What is the highest common divisor of f and 143?
13
Let i = 13 + -9. Suppose -7*j + 0*j = -735. Suppose -q + j = 5*l, -i*l + 9*l + 4*q = 105. Calculate the highest common factor of 14 and l.
7
Suppose -l = -4*j + 395, 3*l - 302 = -3*j - 2*l. What is the greatest common divisor of 11 and j?
11
Suppose 9*u = -300 + 795. What is the highest common divisor of u and 22?
11
Let m(u) = -u**3 + 10*u**2 + u - 10. Let s be m(7). Let h(w) = -w**2 - 21*w + 18. Let a be h(-21). Calculate the greatest common factor of a and s.
18
Let g be 4*(385/(-2))/(-5). Suppose -28 = 3*w + 2. Let a be (-414)/(-30) - 2/w. What is the greatest common divisor of g and a?
14
Let g(h) = 3*h + 8. Let j be g(6). Calculate the greatest common divisor of 104 and j.
26
Let x be 30/8*64/24. What is the highest common divisor of x and 40?
10
Let t = 5 - -3. Let d(w) = -w**3 + 9*w**2 - 5*w - 10. Let h be d(t). Let k = 6 + h. Calculate the highest common divisor of k and 4.
4
Let v(x) = -x + 12. Let r be v(10). Suppose 6*o - 8 = r*o. Suppose 5*c - 68 = -0*a - 4*a, 3*a - 44 = -o*c. What is the greatest common divisor of a and 12?
12
Let o(k) = 33*k**2 - k. Let s be o(-3). Suppose 140 = l - s. Suppose 6*m = m + l. What is the greatest common divisor of 11 and m?
11
Let q(a) = -7*a + 4*a + 2*a**3 + 5*a**2 - 3*a**3 - 4. Let h be q(3). Suppose -h*f + 15 = 0, 4*z - z - 132 = f. Calculate the highest common divisor of 18 and z.
9
Let h be (-5)/(-3) - (-22)/3. Suppose -217 = -5*b + 2*u, -6*b + 237 = -b + 3*u. Calculate the greatest common factor of b and h.
9
Let t = 0 - -29. Suppose 2 - 42 = -y. Suppose 4*a - y = -2*d, 2*d = -5*a + 16 + t. Calculate the greatest common factor of 20 and d.
10
Let b be 5 + 2*(-3 + 2). Suppose -2*f - 7 = -2*z - f, -b*z = f - 8. Suppose 0 = -5*s + 19 + 26. Calculate the highest common factor of s and z.
3
Suppose 64 = 4*i - 2*i. Let r be 2/5 - i/5. Let y(z) = -z**3 - 5*z**2 + 3*z - 6. Let o be y(r). Calculate the highest common divisor of 96 and o.
12
Let n = -26 + 36. Let a(k) = -12*k**3 + k**2 - k - 1. Let c be a(-1). Let b be -1*c/(39/(-270)). What is the highest common factor of n and b?
10
Suppose -16 = -4*f, -3*f + 32 = 4*j - 0*f. Let n be 74/10 - 2/j. Calculate the highest common divisor of n and 14.
7
Let w = -4 + 6. Let v be w/7 - (-37)/(-7). Let m be 17/5 - (-2)/v. What is the highest common divisor of m and 1?
1
Suppose 2*g + 4*y = -0 + 4, 3*g - 46 = 2*y. Let w be (-644)/(-18) + 4/18. What is the highest common factor of w and g?
12
Suppose 15*k = 20*k - 550. What is the highest common factor of 44 and k?
22
Let f(o) = -3*o**2 + 6 + 7*o**2 - 3*o**2 + 6*o. Let w = 12 + -18. Let c be f(w). What is the highest common factor of c and 48?
6
Suppose 4*o - 32 = 5*q, -5*q - 48 = 3*o + o. Let z = 11 + q. Let j = 11 + z. Calculate the highest common divisor of j and 42.
14
Let h(y) = -6 + 10*y - 2 + 4 - 3*y. Let l be 10/3 - (-6)/9. Let w be h(l). Calculate the greatest common divisor of w and 60.
12
Let f be (-3)/4 + 357/12. Let n = f - 18. Let k be (9/(-6))/(3/(-88)). Calculate the greatest common factor of n and k.
11
Suppose -j + 2 = 2*a + 2*a, 5*j - 35 = 5*a. What is the highest common divisor of 48 and j?
6
Suppose 0 = 5*d - 10. Suppose 4*l + a = 143, -l + 4*l - 91 = -4*a. Suppose -29 - l = -3*q. What is the greatest common divisor of d and q?
2
Let i = -10 + 15. Suppose -l = -i*o + 51 - 14, 0 = -2*o - 4*l + 28. Suppose -2*a + 5 = -3. Calculate the greatest common divisor of o and a.
4
Let f(r) = 5*r**2 - 6*r - 74. Let t(z) = 6*z**2 - 7*z - 73. Let m(w) = -7*f(w) + 6*t(w). Let v be m(0). What is the highest common factor of 32 and v?
16
Suppose 8*h - 5*b - 65 = 3*h, h - 3 = 3*b. Let s = h + -2. What is the highest common divisor of s and 80?
16
Let l = 42 - 3. Suppose 0 = o - 1 - 12. Calculate the greatest common factor of l and o.
13
Let b = 47 - -19. Suppose 0*j - 27 = -2*j + 5*v, v - 3 = -j. Calculate the highest common factor of b and j.
6
Suppose -15 = -d - 4*d. Suppose -45 = -5*y + o, -4*o = -d*y - 2*o + 34. Calculate the highest common divisor of 88 and y.
8
Suppose 5 - 1 = 2*u. Suppose -u*r - 4 = -3*r. What is the highest common factor of 2 and r?
2
Suppose 0 = -5*q + 3*u + 43, 3*q - 44 + 7 = -u. Calculate the greatest common divisor of 33 and q.
11
Suppose -18 = -2*i - i. Let h be -6*((-4)/(-6) + -1). Suppose -2*v + 4 = -h. What is the greatest common factor of v and i?
3
Suppose -b + 2*i + 17 = 0, i + 46 = 2*b + b. Suppose 5*h + f = 5*f + 27, -3*h - 2*f = -3. Calculate the highest common factor of h and b.
3
Let t(j) = -11*j + 3. Let r(f) = -5*f + 1. Let g(v) = 5*r(v) - 2*t(v). Let x be g(-4). What is the greatest common divisor of 99 and x?
11
Let g be (-1*4)/2 - -56. Let s(m) = 5*m + 1. Let l = -2 + 3. Let f be s(l). What is the greatest common factor of g and f?
6
Let k(f) = 4*f + 6. Let p be k(4). Suppose -68 - 42 = -5*h. What is the greatest common factor of p and h?
22
Suppose -23 = -2*c - 7. Let y be ((-34)/(-2) + 17 + -18)*4. Calculate the greatest common divisor of y and c.
8
Let n be (-5)/15 - (-19)/3. Let o(c) = c**3 - 7*c**2 + 7*c - 5. Let g be o(n). What is the greatest common divisor of g and 8?
1
Suppose -5*m + 588 = 7